8 = 5*i. Suppose -m = -2 + d. List the prime factors of 1*4*(-7 - m).
2
Suppose -2*n = -0*n - 2*u - 186, 0 = -2*n - 4*u + 162. List the prime factors of n.
89
Let u = -176 - -125. Let z = -1 - u. List the prime factors of z.
2, 5
Let v = -5 - -42. What are the prime factors of v?
37
Let s(q) = q**2 - 5*q + 4. Let v = -11 + 18. What are the prime factors of s(v)?
2, 3
Let n = -6 + 11. Suppose 0 = n*y - 0*y - 55. List the prime factors of y.
11
Suppose 18*q - 284 = 14*q. What are the prime factors of q?
71
Suppose -24*r + 15*r + 2430 = 0. What are the prime factors of r?
2, 3, 5
Let p be 6*((-14)/(-4) - 3). Suppose 0*t + p*t = -414. List the prime factors of t/(-8) - 1/4.
17
Let t(y) = y**3 - 4*y**2 + 2*y - 5. Let q be t(4). Suppose -5*d - 5*k = -65, -4*d - 2*k + 72 = -q*k. List the prime factors of d.
17
Let j(m) be the first derivative of -7*m**2/2 + 2*m + 2. What are the prime factors of j(-2)?
2
Let s(o) = 2*o**2 - 5*o - 2. Let h be s(8). Let n be (3/(-6))/((-1)/h). Suppose 0*g + k = -3*g + n, -3*g - 2*k = -44. What are the prime factors of g?
2, 7
Let r(p) = 5*p**2 - 8*p - 2. List the prime factors of r(3).
19
Let m be -1*(-2)/(-1) + 0. Let l = -1 - m. List the prime factors of (-11*l)/((-4)/4).
11
Suppose 4*g - 16 = 0, 0 = s + 2*s - 3*g + 48. What are the prime factors of (-195)/s - 6/(-8)?
17
Suppose 4*u = -5*p + 126, 2*u + 36 = 2*p - 0*p. Let v be (-400)/p + (-12)/(-66). List the prime factors of (-4)/v - (-284)/18.
2
Suppose 5*m - 3*q - 836 = 0, 3*q - 7*q = 4*m - 656. List the prime factors of m.
2, 83
Let b = -3 + 3. Let n = -4 - -8. Suppose b = -x + 3*r - n + 30, -2*x + 5*r = -47. List the prime factors of x.
11
List the prime factors of 67/4 + 4/16.
17
Suppose 96 = r + r - 5*o, 3*o = -r + 26. What are the prime factors of (r/6)/(5/15)?
19
Let a = -3 + 4. Suppose -5*k + a = -39. Let y = k - 0. What are the prime factors of y?
2
Suppose -387 = -0*o - 3*o - 3*g, 3*o - 381 = -g. List the prime factors of o.
2, 3, 7
Suppose 73 + 83 = 3*d. What are the prime factors of d?
2, 13
List the prime factors of (45/3 + 2)*2.
2, 17
Suppose 139 + 61 = 5*t. Suppose -2*a - 3*a + 15 = 0. Suppose -l + t = a*l. What are the prime factors of l?
2, 5
Let r(v) = -v - 2 + 8 + 2 - 2. List the prime factors of r(0).
2, 3
Let o(h) = 31*h - 5. What are the prime factors of o(2)?
3, 19
Let t(j) = 3*j - 3. Suppose 2*d + 3*h - 27 = -2*d, -15 = -2*d - 3*h. List the prime factors of t(d).
3, 5
Let x = 56 + 88. List the prime factors of x.
2, 3
Let s(g) = -g**2 - 29*g - 10. List the prime factors of s(-17).
2, 97
Let t(q) = q**2 + 4*q**3 - 4*q + 5*q + 1 - 5*q**3. What are the prime factors of t(-2)?
11
Let m(f) = -9*f**2 + 2*f + 3. Let s(q) = 1. Let u(x) = -m(x) + 5*s(x). What are the prime factors of u(2)?
2, 17
Suppose 0 = -0*w - 5*w + 30. Let o be ((-2)/(-5))/(w/30). Suppose -4*y + o*y = -34. List the prime factors of y.
17
Let w = -35 - -60. List the prime factors of 2/(-10) + 130/w.
5
Suppose 2*v - 3*v + 34 = 0. What are the prime factors of v?
2, 17
Let v = -3 - -5. What are the prime factors of (4/(-6))/(v/(-27))?
3
Let r(o) = o**3 - 2*o**2 - o - 4. Let u = 13 - 10. What are the prime factors of r(u)?
2
Let w(o) = o**2 + 4*o + 9. Let a be w(-6). Suppose 0 = x - 0*x - 3*m - 46, -a = -x - 2*m. List the prime factors of x.
31
Let m be 2*(-3)/(-6)*-55. Let s = m + 83. What are the prime factors of s?
2, 7
Let b(s) = s**3 - 3*s**2 + 4. Let x be b(4). Suppose 6*y - 7*y = -x. What are the prime factors of y?
2, 5
Let j(r) = -11*r + 46. List the prime factors of j(-14).
2, 5
Let v be (-2)/4*2*-5. Suppose 0 = 3*y - 5*n - 29 + v, -n - 8 = -y. What are the prime factors of y?
2
Suppose -c = 3*g - 9, 2*g + 1 + 1 = 2*c. Suppose 1 + g = d. List the prime factors of d*-2*(-5)/10.
3
Let t = -4 + 3. Suppose 19 - 7 = j. Let v = j - t. List the prime factors of v.
13
Let q(f) = -2*f**3 + 2*f + 1. Let z be q(-1). List the prime factors of -4*z/4*-2.
2
Let v(x) = -x**2 - 5 - 8*x + 2*x**2 + 12. Let k be v(7). Suppose -2*n = -k*n - 14. What are the prime factors of n?
7
Suppose -5*d = 2*a - 4, -3*d = -5*a - 9 - 12. Let j(u) = 8*u**3 - 3 - 2*u**3 + d + 4*u**3. What are the prime factors of j(1)?
3
Let w(m) = -m**2 - 4*m - 1. Let f be w(-3). List the prime factors of (3 - (1 + f)) + 16.
2
Let l(q) = -q - 8*q + q + 0*q - q**2 - 2. What are the prime factors of l(-4)?
2, 7
Suppose -4*g + 5*s + 570 = 0, -731 = -6*g + g - 3*s. What are the prime factors of g?
5, 29
Let a = -3 - 0. Let d = 6 + 7. Let l = d + a. What are the prime factors of l?
2, 5
List the prime factors of ((-6)/(-4))/((-5)/(-230)).
3, 23
Suppose -3*s - 2*s - 75 = 0. Let j be (10/s)/(1/(-3)). List the prime factors of j*(110/(-4))/(-5).
11
Suppose -150 - 405 = -3*s + 3*r, 366 = 2*s - 4*r. List the prime factors of s.
11, 17
Let r = -5 + 9. List the prime factors of (-2)/(-6)*r*6.
2
Let s(i) = 4*i. Let y be 0/(-7) - (1 - 5). What are the prime factors of s(y)?
2
Let q = -2 - 4. Let z be (-16)/q*(-4 + 1). Let p = z - -19. What are the prime factors of p?
11
Suppose 31 = 3*k - 20. Let q = -7 + k. What are the prime factors of q?
2, 5
Let v = 50 - 20. List the prime factors of ((-12)/30)/((-1)/v).
2, 3
Let s be (-5)/(-3) + (-2)/3. Suppose -c + n - 3*n = -s, 4*n + 31 = c. Suppose -2*r + 5 = f, 0 = -3*f + 5*r + 4 + c. List the prime factors of f.
5
Let a be 3 + 3/3 + -3. Let d = 1 + a. Suppose 0 = -l + 2, 7*t - 2*t - 54 = -d*l. List the prime factors of t.
2, 5
Suppose -h - 50 = 4*h. What are the prime factors of (-2 + 1)*h/5?
2
Let h(o) = o**3 - 10*o**2 + 13*o - 12. List the prime factors of h(9).
2, 3
Let y(f) = -6*f - 1. Let l be y(-1). Suppose 0 = 4*s + l*b, 3*s + 2*b = 7*b + 35. Let d(i) = 3*i - 5. What are the prime factors of d(s)?
2, 5
Let q = 42 - 28. What are the prime factors of q?
2, 7
Let q = -14 - -3. Let t = 19 + q. What are the prime factors of t?
2
Let u be (-6 - -7)*4/2. Suppose t - u = -7. What are the prime factors of (t/(-10))/((-1)/(-12))?
2, 3
Let j be (-6)/21 - 298/(-14). Let v = -7 + j. What are the prime factors of v?
2, 7
Suppose o - 6*o + 20 = 0. Let m = 1 + o. What are the prime factors of m?
5
Suppose 1134 = 20*r - 11*r. What are the prime factors of r?
2, 3, 7
Let g be -2*((-33)/(-6) + 2). Let v = 92 + -61. Let y = g + v. List the prime factors of y.
2
Let v = 304 - 181. What are the prime factors of v?
3, 41
List the prime factors of (0 - -4 - 1) + 12.
3, 5
Suppose m + 0*m - 4 = 0. Suppose -m*w + 6 + 34 = 0. What are the prime factors of w?
2, 5
Let i(p) = p. Let y be i(3). Suppose -y*w + 7*w - 12 = 0, -2*w = l - 9. Suppose 5*q = -l*d - 5, q - 2*q - 13 = 3*d. List the prime factors of q.
2
Let s(b) = -2*b - 6. Let j be s(-4). Suppose -3*p - 2*p + c = -35, j*p - 5*c = -9. List the prime factors of p.
2
Let m be (224/6)/4*-6. List the prime factors of 6/4 + m/(-16).
5
Let f(s) = 4*s + 2. Let w be f(3). Let k = 3 + 0. Suppose -w = -k*l + 13. What are the prime factors of l?
3
Let f = 2 - -2. Suppose m - 52 = -2*x - f*m, 0 = m. What are the prime factors of x?
2, 13
Let t(f) = -f**3 + 6*f**2 + 18*f + 7. What are the prime factors of t(8)?
23
Let n be (-4)/6 + 23/3. Let x(b) = -3*b + 19. Let c be x(4). Let v = c + n. What are the prime factors of v?
2, 7
Let z = 22 - 22. Suppose -a - 4*i + 14 = z, -a + 5*i - 2*i - 7 = 0. What are the prime factors of a?
2
Suppose 0 = 2*w + j - 19, 2*j = -w + 6 - 1. List the prime factors of 2/11 + 251/w.
23
Suppose 5*m + 4*t - t = -67, 2*t + 63 = -5*m. Let q = 24 + m. What are the prime factors of q?
13
Suppose 4*b + q - 722 = 0, 2*b - 904 = -3*b - 2*q. Suppose 5*i + b = 5*s, -3*s - i = -0*i - 88. What are the prime factors of s?
31
Let o(x) = -3*x**3 - x + 1. What are the prime factors of o(-2)?
3
Let q = 387 + -122. What are the prime factors of q?
5, 53
Suppose 4*h + 3*g = -0*g + 9, -2*g - 28 = -3*h. What are the prime factors of h?
2, 3
What are the prime factors of -4 - (3 + (0 - -300)*-1)?
293
Let g(m) = 12*m. Let b = 4 + 0. Let x = -3 + b. What are the prime factors of g(x)?
2, 3
Let y(d) be the second derivative of d**3/3 - 7*d**2/2 - d. Let s be y(5). Suppose p + 2 = -2*c, c + 2*c - 6 = -s*p. What are the prime factors of p?
2, 3
Let z(w) = -w**2 + 8*w + 3. Let o be z(8). Suppose o*u + u = 172. Suppose -u = -5*a + 32. What are the prime factors of a?
3, 5